{"id":10,"date":"2019-10-03T08:33:57","date_gmt":"2019-10-03T08:33:57","guid":{"rendered":"https:\/\/keramiekbijanske.nl\/?page_id=10"},"modified":"2022-07-19T10:18:04","modified_gmt":"2022-07-19T10:18:04","slug":"home","status":"publish","type":"page","link":"https:\/\/keramiekbijanske.nl\/","title":{"rendered":"Welkom bij Anske"},"content":{"rendered":"\n<p>Levendige en organische vormen\u2026, daar houd ik van! <br \/>Het gevoel van klei in mijn handen en iets moois vormen waar anderen van kunnen genieten, is een cadeautje voor mij. Maar ook anderen laten ervaren hoe het is om met klei te werken en mooie dingen te cre\u00ebren, vind ik een geweldige uitdaging.<\/p>\n\n\n\n<p>Bezoek mij op \u00e9\u00e9n van de vele markten, waar ik sta met mijn keramiek of kom langs in mijn atelier in Teteringen (handig om even een afspraak te maken!)<br \/>Of\u2026 ga zelf aan de slag en cre\u00eber je eigen kunstwerk  in mijn open atelier.<\/p>\n\n\n\n<figure class=\"wp-block-image size-large\"><img loading=\"lazy\" decoding=\"async\" width=\"2560\" height=\"1920\" src=\"https:\/\/keramiekbijanske.nl\/wp-content\/uploads\/2022\/04\/img_1650-scaled.jpg\" alt=\"\" class=\"wp-image-230\" srcset=\"https:\/\/keramiekbijanske.nl\/wp-content\/uploads\/2022\/04\/img_1650-scaled.jpg 2560w, https:\/\/keramiekbijanske.nl\/wp-content\/uploads\/2022\/04\/img_1650-300x225.jpg 300w, https:\/\/keramiekbijanske.nl\/wp-content\/uploads\/2022\/04\/img_1650-1024x768.jpg 1024w, https:\/\/keramiekbijanske.nl\/wp-content\/uploads\/2022\/04\/img_1650-768x576.jpg 768w, https:\/\/keramiekbijanske.nl\/wp-content\/uploads\/2022\/04\/img_1650-1536x1152.jpg 1536w, https:\/\/keramiekbijanske.nl\/wp-content\/uploads\/2022\/04\/img_1650-2048x1536.jpg 2048w, https:\/\/keramiekbijanske.nl\/wp-content\/uploads\/2022\/04\/img_1650-1140x855.jpg 1140w\" sizes=\"auto, (max-width: 2560px) 100vw, 2560px\" \/><\/figure>\n","protected":false},"excerpt":{"rendered":"<p>Levendige en organische vormen\u2026, daar houd ik van! Het gevoel van klei in mijn handen en iets moois vormen waar anderen van kunnen genieten, is een cadeautje voor mij. Maar ook anderen laten ervaren hoe het is om met klei te werken en mooie dingen te cre\u00ebren, vind ik een geweldige uitdaging. Bezoek mij op \u00e9\u00e9n van de vele markten, waar ik sta met mijn keramiek of kom langs in mijn atelier in Teteringen (handig om even een afspraak te maken!)Of\u2026 ga zelf aan de slag en cre\u00eber je eigen kunstwerk in mijn open atelier.<\/p>\n","protected":false},"author":1,"featured_media":0,"parent":0,"menu_order":0,"comment_status":"closed","ping_status":"closed","template":"","meta":{"footnotes":""},"class_list":["post-10","page","type-page","status-publish","hentry"],"_links":{"self":[{"href":"https:\/\/keramiekbijanske.nl\/index.php?rest_route=\/wp\/v2\/pages\/10","targetHints":{"allow":["GET"]}}],"collection":[{"href":"https:\/\/keramiekbijanske.nl\/index.php?rest_route=\/wp\/v2\/pages"}],"about":[{"href":"https:\/\/keramiekbijanske.nl\/index.php?rest_route=\/wp\/v2\/types\/page"}],"author":[{"embeddable":true,"href":"https:\/\/keramiekbijanske.nl\/index.php?rest_route=\/wp\/v2\/users\/1"}],"replies":[{"embeddable":true,"href":"https:\/\/keramiekbijanske.nl\/index.php?rest_route=%2Fwp%2Fv2%2Fcomments&post=10"}],"version-history":[{"count":14,"href":"https:\/\/keramiekbijanske.nl\/index.php?rest_route=\/wp\/v2\/pages\/10\/revisions"}],"predecessor-version":[{"id":285,"href":"https:\/\/keramiekbijanske.nl\/index.php?rest_route=\/wp\/v2\/pages\/10\/revisions\/285"}],"wp:attachment":[{"href":"https:\/\/keramiekbijanske.nl\/index.php?rest_route=%2Fwp%2Fv2%2Fmedia&parent=10"}],"curies":[{"name":"wp","href":"https:\/\/api.w.org\/{rel}","templated":true}]}}